 8, what is -16507 + -10?
-16517
In base 5, what is -12004 - -103?
-11401
In base 6, what is 3 - -211?
214
In base 16, what is 43 + ecf?
f12
In base 12, what is 3 - 5b0475?
-5b0472
In base 2, what is 100 - -10001001010100011?
10001001010100111
In base 8, what is -207326 + -37?
-207365
In base 7, what is 35424 - 5?
35416
In base 7, what is -1416231 - 5?
-1416236
In base 15, what is -5 + -71c9c?
-71ca2
In base 3, what is 10011 - 2110220?
-2100202
In base 2, what is -1111010110 + -1111?
-1111100101
In base 14, what is 72 + 2615?
2687
In base 15, what is -3c - -2632?
25e5
In base 9, what is 2405 + -1064?
1331
In base 15, what is 3b3 - 27e?
134
In base 3, what is 20111100 - -212002?
21100102
In base 12, what is 71 - 1820?
-176b
In base 15, what is -1 - 2e521?
-2e522
In base 15, what is 0 + -79ca?
-79ca
In base 10, what is -6 + 3900?
3894
In base 4, what is -3301202211 + -2?
-3301202213
In base 14, what is 3947b + 5?
39482
In base 13, what is -8aa + -70?
-94a
In base 10, what is -105 - 18857?
-18962
In base 12, what is 4 - 42a32?
-42a2a
In base 2, what is 10100000001001 - -1101?
10100000010110
In base 14, what is -15 - -30a38?
30a23
In base 2, what is -11 + -10010011110001?
-10010011110100
In base 11, what is 65 - 3244?
-318a
In base 11, what is -31 + 92a?
8a9
In base 8, what is -15027 + -4?
-15033
In base 3, what is 1011020011201110 + 11?
1011020011201121
In base 12, what is 2730 + -2a0?
2450
In base 13, what is -2 + 2396ac?
2396aa
In base 4, what is -1301332 + -12?
-1302010
In base 14, what is 2c1 + -3?
2bc
In base 13, what is 136302 - -a?
13630c
In base 14, what is 269 + a0?
329
In base 4, what is 120011 - 1?
120010
In base 16, what is 7 - 27a37?
-27a30
In base 11, what is 12160 - -2a?
1218a
In base 15, what is -10 - 78a?
-79a
In base 6, what is -1020203320 - -5?
-1020203311
In base 5, what is -11 - -24433234?
24433223
In base 6, what is -235235241 - 2?
-235235243
In base 7, what is -1006 - 15564?
-16603
In base 9, what is -13 + -4077?
-4101
In base 6, what is 1414 - -1050?
2504
In base 3, what is 22212010 - -1?
22212011
In base 9, what is -1314 - -266?
-1037
In base 16, what is 3a48 - 8e?
39ba
In base 14, what is -154 - 188?
-2dc
In base 3, what is 100022 + -1020?
22002
In base 5, what is 1 - -141443430?
141443431
In base 5, what is 222044430 - -10?
222044440
In base 11, what is -44 - 221?
-265
In base 4, what is -1312 - -1?
-1311
In base 3, what is 22 - -22220212?
22221011
In base 5, what is 31304 - -3?
31312
In base 16, what is 3 - b4df?
-b4dc
In base 2, what is 100000110 + -110101000?
-10100010
In base 10, what is 30169 + 5?
30174
In base 9, what is -23857 + 5?
-23852
In base 6, what is -3234554 + 5?
-3234545
In base 2, what is 1010111101 - -100100001?
1111011110
In base 2, what is -100 - -101111001001001001?
101111001001000101
In base 14, what is 10a5 + -4c0?
9c5
In base 2, what is 10100010 - -1010010001010?
1010100101100
In base 14, what is -5 - -23ac6?
23ac1
In base 7, what is -33116305 + -4?
-33116312
In base 14, what is -168 - 5ac?
-736
In base 2, what is 10 + -10011110010110100?
-10011110010110010
In base 8, what is 16311646 - -3?
16311651
In base 8, what is -1006 - 113?
-1121
In base 3, what is 21111211 + -21?
21111120
In base 7, what is 2 + 2645?
2650
In base 4, what is 31100 - -20?
31120
In base 14, what is -149da - 4?
-14a00
In base 12, what is -b2992 - -3?
-b298b
In base 8, what is 0 + 233?
233
In base 5, what is -332323 + 101?
-332222
In base 5, what is -1 + 41342404?
41342403
In base 16, what is 3 + -2375?
-2372
In base 5, what is 2 + 12100210?
12100212
In base 3, what is 12 + 21112212?
21120001
In base 5, what is -2 - 2021141?
-2021143
In base 5, what is -400 + 33001?
32101
In base 15, what is 3 - -2352a?
2352d
In base 6, what is 32402 - 12?
32350
In base 9, what is 1 + 1353?
1354
In base 15, what is 2 - -96b5?
96b7
In base 16, what is -230 + -cff?
-f2f
In base 4, what is -1 - -1102002221?
1102002220
In base 9, what is -2 - 45603?
-45605
In base 11, what is -285 - 42?
-317
In base 9, what is 63 + -811?
-737
In base 9, what is 237 - -551?
788
In base 10, what is 86280 + 11?
86291
In base 4, what is 1022113 - 31?
1022022
In base 8, what is -505107 - -1?
-505106
In base 2, what is -100 + 10010110001111?
10010110001011
In base 4, what is -3331233 + -211?
-3332110
In base 9, what is 4 + 181883?
181887
In base 9, what is 2406 - -563?
3070
In base 15, what is 52e1 - 3?
52dd
In base 14, what is -17d + 85?
-d8
In base 13, what is -3239 - -2?
-3237
In base 3, what is 11111102 - 100?
11111002
In base 7, what is -5632410 + -3?
-5632413
In base 4, what is 10100131 - -333?
10101130
In base 6, what is 43 - 3104?
-3021
In base 10, what is -8 + 24893?
24885
In base 11, what is 23 - -2787?
27aa
In base 9, what is 5 - -82202?
82207
In base 5, what is 1213 + -23?
1140
In base 8, what is -330 - -61?
-247
In base 2, what is 101110000 + -10001011010000?
-10000101100000
In base 6, what is 3 - 132041?
-132034
In base 9, what is -17005 + -5?
-17011
In base 6, what is -121 - 325?
-450
In base 6, what is -14154 + 5?
-14145
In base 3, what is -2222 + 21110011?
21100012
In base 14, what is -7 - 11a?
-123
In base 15, what is -c26a - -4?
-c266
In base 6, what is -30 - 35340?
-35410
In base 5, what is 4 - -21220233?
21220242
In base 11, what is 2152 - -37?
2189
In base 12, what is -1 + -3393?
-3394
In base 10, what is 0 - -5613?
5613
In base 15, what is 1 - 18637?
-18636
In base 2, what is 100000101 + 111100?
101000001
In base 4, what is 0 + 102333322?
102333322
In base 11, what is -333 - -237?
-a7
In base 5, what is -10112023 - -1?
-10112022
In base 13, what is -1711 - 4b?
-175c
In base 8, what is -2400226 + -2?
-2400230
In base 9, what is 2667302 - -4?
2667306
In base 14, what is -5c + -563d?
-569b
In base 12, what is -1b05 + 3?
-1b02
In base 15, what is 645 + 26?
66b
In base 4, what is -11100 - -30222?
13122
In base 11, what is 3 - 18290?
-18288
In base 14, what is -5 + -2c314?
-2c319
In base 8, what is 15 - 31331?
-31314
In base 7, what is -11645 - 3?
-11651
In base 16, what is 1be - 81?
13d
In base 15, what is 51 + -1b46?
-1ae5
In base 15, what is 2 - e59?
-e57
In base 7, what is 15 + -1035611?
-1035563
In base 11, what is -1536 - -11?
-1525
In base 15, what is -68 + 10ac?
1044
In base 3, what is -12 - -2012200110002?
2012200102220
In base 2, what is 1101 - 10000101001100110101?
-10000101001100101000
In base 13, what is -9 - -41677?
4166b
In base 16, what is b0 - -6b?
11b
In base 8, what is -4 - -4417?
4413
In base 3, what is 12000101001 + 1?
12000101002
In base 11, what is 35a95 + -2?
35a93
In base 16, what is 7 + 37c?
383
In base 8, what is 266 - 210?
56
In base 6, what is 4 + 1454550?
1454554
In base 7, what is -566 - -16240?
15341
In base 5, what is -1101224 - 20?
-1101244
In base 12, what is -120 - 1943?
-1a63
In base 7, what is 2 + -22353?
-22351
In base 9, what is -384 - -180?
-204
In base 7, what is -1 + 152332?
152331
In base 9, what is -5372 + 212?
-5160
In base 16, what is -2e + -c756?
-c784
In base 12, what is 0 + -10b13?
-10b13
In base 16, what is -4 - 8ea79?
-8ea7d
In base 6, what is -24033 - -14143?
-5450
In base 10, what is 216 + -252?
-36
In base 12, what is 2 - -5a1?
5a3
In base 3, what is 211 + 1001000?
1001211
In base 7, what is 10321 - -25?
10346
In base 8, what is 1744 + -33?
1711
In base 10, what is -2 + 738714?
738712
In base 16, what is -9ad6 - 5?
-9adb
In base 12, what is 8 + -48b2?
-48a6
In base 7, what is -44064 - -11?
-44053
In base 7, what is -11626 + -1?
-11630
In base 11, what is -1 + -37956?
-37957
In base 16, what is 2e48 - -1d?
2e65
In base 9, what is 440163 - 1?
440162
In base 2, what is 10010 + -1101101111010000?
-1101101110111110
In base 3, what is 22011 + -10112002?
-10012221
In base 3, what is -211002122121 - 2?
-211002122200
In base 13, what is 1 + 37472?
37473
In base 15, what is 4 - -2887?
288b
In base 4, what is 1021030 + 222?
1021312
In base 4, what is -13 + 22230220?
22230201
In base 12, what is 9b21 + 1?
9b22
In base 9, what is -235 - 412?
-647
In base 3, what is 1 + -11022122?
-11022121
In base 9, what is 0 + -125526?
-125526
In base 4, what is 12013221201 + 0?
12013221201
In base 13, what is -56c1a - 0?
-56c1a
In base 11, what is 15 + -100270?
-100256
In base 4, what is 33 + 331222?
331321
In base 2, wh